3 = -2*g, -4*g - 4*y + 31 = -3*g. What is the tens digit of g?
1
Let d(w) = -w + 5. Let n be d(0). Suppose -2*r + 4*q = -0*q - 16, n*q + 38 = 4*r. What is the tens digit of r?
1
Let g = -32 - -55. What is the tens digit of g?
2
Let o = 216 + -144. Suppose 196 - o = 4*i. What is the units digit of i?
1
Suppose 0 = 3*g - z + 23, 3*g = 7*g - 4*z + 44. Let o(t) = -t - 3. Let y(b) = -b - 2. Let u(d) = -2*o(d) + 3*y(d). What is the units digit of u(g)?
6
Let a = -3 - -3. Suppose a = 2*b - 0*b - 10. Suppose 10 - 95 = -b*c. What is the tens digit of c?
1
Suppose -j + 11 = 3*q, 3*j - 2*q = -2*j + 38. Let a be (-8)/(-2) - (j + -5). What is the units digit of 17 + a + 4/4?
9
Let u(y) = -31*y + 16. What is the units digit of u(-5)?
1
Let r be (2/(-4))/(9/450). What is the tens digit of -3 + (1 - r) + -2?
2
Let v be 8/(-20) + 17/5. Let f = 3 - v. Suppose -o - 3*o + 60 = f. What is the units digit of o?
5
Let b(z) = -17*z**3 + 2*z**2 + 2*z - 3. What is the units digit of b(-2)?
7
Let s be 15/(-4) + (-1)/4. Let f = s + 7. Let w(l) = -l**2 + 5*l. What is the units digit of w(f)?
6
Let z(l) = l**2 - l - 13. What is the units digit of z(9)?
9
Suppose -2*r + 16 = 2*r. Let b(i) = i**3 - 3*i**2. Let j be b(3). Suppose r*q + 12 - 32 = j. What is the units digit of q?
5
Let w = 27 - 19. What is the units digit of w?
8
Suppose 4*x - 7*x + 135 = 0. What is the tens digit of x?
4
Suppose -5 = -g - 4*g. Let x be 29/4 + g/(-4). Suppose -5*v + x*v - 12 = 0. What is the units digit of v?
6
Let t(g) = -57*g**3 - g**2 - 2*g. What is the tens digit of t(-1)?
5
Let m = -22 + 25. What is the units digit of m?
3
Let j = 1 - 8. Let r(d) = d**3 + 6*d**2 - 8*d + 8. What is the tens digit of r(j)?
1
What is the tens digit of (-1 - 0)/((-4)/96)?
2
Let a(h) = h**3 + 17*h**2 + 9*h + 4. What is the hundreds digit of a(-16)?
1
Suppose y - 27 = 12. Suppose 0 = -3*d - 3, 4*q - 3*d - 115 = 0. Let p = y - q. What is the units digit of p?
1
Let n(h) = h**3 + 4*h**2 - h + 2. Let g be n(-4). Let j = g - 1. What is the units digit of j?
5
Suppose -j + 5*d - 8 = 0, 0 = 6*d - 3*d - 6. Suppose 3 + 3 = -j*h. What is the units digit of 150/9 - h/9?
7
Let h(g) = g**2 + 8. What is the tens digit of h(6)?
4
What is the units digit of 1 + -6*(-1)/1?
7
Suppose 0 = -5*m + 4 + 11. Suppose -p = 3, p - 6 = -2*c - m*p. What is the units digit of c?
9
Let h = 192 + -44. What is the tens digit of h?
4
Suppose 69 + 21 = 5*n. Let a = 55 - n. What is the tens digit of a?
3
Suppose 0 = 2*y + 5*v - 12, 0*v + 12 = -2*y + v. Let c = y + 30. Let i = -16 + c. What is the tens digit of i?
1
Let x(z) = -z**2 + 8*z + 6. What is the units digit of x(8)?
6
Let t(b) = 10*b + 10. Let g be t(-8). Let l = g + 115. What is the tens digit of l?
4
Let v(u) = -u**2 - 17*u - 5. What is the tens digit of v(-15)?
2
Suppose 4*c + 3*s + 13 = -0*s, c + 7 = -2*s. Let t be (-16)/(-6) - c/3. Let w = t - -1. What is the units digit of w?
4
Suppose -3*a = 3, -6*a = 2*i - a + 1. What is the units digit of 3/i*(-2)/(-3)?
1
Let r(i) = -3*i. Let g = 2 - 1. Let k be r(g). What is the units digit of (-38)/(-4) + k/6?
9
Let a be (1 + -1)/(-1 + 0). Suppose -2*r + 3 = -h + r, a = 4*r + 4. What is the units digit of (-15)/h + (-1)/(-2)?
3
Suppose -1 = -3*r + 2*r. What is the units digit of (-13 + r)*15/(-6)?
0
Suppose 3*u = 46 + 50. What is the units digit of u?
2
What is the tens digit of (572/65)/((-4)/(-10))?
2
Let i(a) = a**3 - 3*a**2 - 4*a - 10. What is the units digit of i(6)?
4
Let s(l) = -l**2 + 9*l - 6. Let p(n) = -n**3 - 2*n**2 + 4*n + 4. Let j be p(-4). Let v = -12 + j. What is the units digit of s(v)?
2
Suppose -140 - 150 = 5*g. Let u = -22 - g. What is the units digit of u?
6
Let c(g) = -g**2 - 4*g - 3. Let n = 7 - 13. Let k(r) = -r**3 - 5*r**2 + 5*r - 8. Let t be k(n). What is the units digit of c(t)?
1
Let v(l) = -l + 50. Let x be v(0). Let f = 87 - x. What is the tens digit of f?
3
Let m(y) = 0 + 1 + 6*y**2 + 5*y + 5*y**3 - 4*y**3. Let s be m(-5). Suppose 0 = p + s - 5. What is the units digit of p?
4
Let h = 43 - -51. What is the units digit of h?
4
Suppose 3*g + g - 88 = 0. What is the units digit of g?
2
Suppose 4*d + 0*d = -3*m + 57, -2*m + 38 = 3*d. Suppose l - v - m = -l, -5*l - 5*v = -70. What is the units digit of l?
1
Let n(k) = -2*k - 4. Let u be n(-7). Let h = u - -13. What is the tens digit of h?
2
Let n(y) = y - 4. Let o be n(5). What is the units digit of o - 1 - (6 + -9)?
3
What is the tens digit of (63/27)/(2/24)?
2
Let u = 114 + -69. Suppose 5*t - u - 35 = 0. Suppose 0 = -4*o + 5*y - 11, -o - t = -2*o - 5*y. What is the units digit of o?
1
Suppose 3*w - 36 - 63 = 0. Let t be w/7 - 10/(-35). Suppose -15 = -q - t*c, 2*c + 1 = 3*q - 10. What is the units digit of q?
5
Let c(y) be the third derivative of -y**5/60 + 3*y**4/8 - 4*y**3/3 + y**2. What is the units digit of c(7)?
6
Let y(c) = 2*c**2 + 3*c + 16. What is the units digit of y(5)?
1
Suppose 4*w - 2*k = 1178, -4*w + 3*w + 305 = 3*k. What is the hundreds digit of w?
2
Let p = 19 + -16. Let d = 6 + p. What is the units digit of d?
9
Let g(z) = -7*z - 5. Let q be g(-7). Suppose -p + q = 3*p. What is the units digit of p?
1
Let d(h) = -h + 2. Suppose -p = -0*p + 6. What is the units digit of d(p)?
8
What is the tens digit of 60/2 + 39/(-13)?
2
Let w(i) = i - 6. Let t be w(9). Suppose t*u - 182 = 2*l, 5*l + 248 = 4*u + l. Suppose -5*h + u = 4*b, -3*b - h = 2*b - 62. What is the tens digit of b?
1
Let z(p) = -p**2 - 7*p + 10. Let k be (-54)/8 + 4/(-16). What is the tens digit of z(k)?
1
Let n(t) = t**3 + 3*t**2 - 6*t - 5. Suppose 3*j = j + 3*u - 8, 0 = 3*u. Let v be n(j). Suppose 2*x = -v*x + 25. What is the units digit of x?
5
Let w be (-45)/(-12) - 6/8. What is the units digit of (-2)/w*696/(-16)?
9
Suppose -5*f - 4*l = 1, -5*f + 7 = 2*l - 0. Let b(w) = 4*w**2 + w + 2*w - f*w**2 - 4*w - 2. What is the units digit of b(-4)?
8
Let i(h) be the first derivative of -h**2 - 5*h - 1. What is the units digit of i(-7)?
9
Suppose 4*g = 5*c - 24, -11 + 5 = g - 3*c. What is the units digit of (-4 - g) + 32/2?
8
What is the tens digit of (5 - 4)/((-2)/6) + 118?
1
Suppose 0 = 2*s - 6, -9 = 3*x + s - 4*s. Let w(m) = m**2 + m + 17. What is the units digit of w(x)?
7
Suppose 2*j - 2 = 4. Let d(o) = -5*o + 0*o - 5 + 3 + 3*o**2 + o**j. What is the units digit of d(-4)?
2
Let n(l) = -5*l**3 + 5*l**2 - 5*l - 4. What is the tens digit of n(-3)?
9
Let g(n) be the third derivative of -n**5/60 - 3*n**4/8 - 3*n**3/2 + 8*n**2. Suppose -3*b - 15 = -2*s, -s = -2*b + 4*s + 1. What is the units digit of g(b)?
5
What is the tens digit of 6/(-8) + 203/4?
5
Suppose 4*w - 42 = 62. Suppose 3*d - 33 = h - 9, -5*d = 3*h - w. What is the units digit of d?
7
Let i(c) be the second derivative of c**3/2 - c. What is the tens digit of i(5)?
1
Let w = -1 - 1. What is the units digit of w*(0 - 3/6)?
1
Suppose p - 5*j + 110 = 4*p, -p + 2*j + 33 = 0. What is the tens digit of p?
3
Let k(l) = 3*l**3 + 2*l**2 + l - 1. Suppose -4*c - 12 = -5*v + 14, 3*c + 16 = 2*v. What is the tens digit of k(v)?
3
Let k(u) = -10*u**2 + 2*u**2 - 2 - 1 + 7*u + u**3. Let i be k(7). Let a = 4 - i. What is the units digit of a?
7
Suppose -12*b = -b - 396. What is the tens digit of b?
3
Let c(k) = -46*k + 17. What is the hundreds digit of c(-3)?
1
Let l(y) = 10*y - y**2 + 7 + 4*y**2 - 2*y**2. Let v(s) = s**2 - 22*s + 30. Let d be v(20). What is the units digit of l(d)?
7
Suppose -u = -5*q + 23, 3 - 10 = -3*u - 4*q. Let f(a) = 2*a**2 + 2*a + 1. What is the units digit of f(u)?
3
Let p = -4 + 7. Suppose 3*b + 3*h = 12, p*b - 18 = 2*h + h. What is the units digit of b?
5
Suppose -5*i = -37 - 23. What is the units digit of i?
2
Let r = 5 + -4. Let f be (-9)/(-12)*(-12)/r. Let k = f - -16. What is the units digit of k?
7
Suppose f = 74 - 7. What is the tens digit of f?
6
Suppose 5*p + 2*f = 105, -p + 5*f + 48 = -0*p. What is the units digit of p?
3
Let s(a) = 8*a**3 + a**2 + 1 + 0 + 0 - a. What is the units digit of s(1)?
9
Suppose -2*c - 3*c - 2*f + 413 = 0, 3*c = f + 239. Suppose -3*y - 3*k - c = -8*y, 0 = 3*y + 5*k - 69. What is the tens digit of y?
1
Let z be ((-5)/15)/(1/(-6)). Suppose 2*w - 6 = -6*d + 4*d, -z*d + 1 = -3*w. What is the tens digit of (-8)/(-1) + (d - -1)?
1
Suppose 0 = -3*b + 98 + 16. What is the units digit of b?
8
Suppos